{"id":110,"date":"2019-06-13T19:52:34","date_gmt":"2019-06-13T17:52:34","guid":{"rendered":"http:\/\/feelbetter.fr\/?page_id=110"},"modified":"2021-07-23T16:53:13","modified_gmt":"2021-07-23T14:53:13","slug":"accueil","status":"publish","type":"page","link":"https:\/\/feelbetter.fr\/","title":{"rendered":"ACCUEIL"},"content":{"rendered":"\t\t<div data-elementor-type=\"wp-page\" data-elementor-id=\"110\" class=\"elementor elementor-110\">\n\t\t\t\t\t\t\t\t\t<section class=\"elementor-section elementor-top-section elementor-element elementor-element-1fd5294e elementor-section-boxed elementor-section-height-default elementor-section-height-default\" data-id=\"1fd5294e\" data-element_type=\"section\">\n\t\t\t\t\t\t<div class=\"elementor-container elementor-column-gap-default\">\n\t\t\t\t\t<div class=\"elementor-column elementor-col-100 elementor-top-column elementor-element elementor-element-38b8431d\" data-id=\"38b8431d\" data-element_type=\"column\">\n\t\t\t<div class=\"elementor-widget-wrap elementor-element-populated\">\n\t\t\t\t\t\t\t\t<div class=\"elementor-element elementor-element-134442f9 elementor-widget elementor-widget-text-editor\" data-id=\"134442f9\" data-element_type=\"widget\" data-widget_type=\"text-editor.default\">\n\t\t\t\t<div class=\"elementor-widget-container\">\n\t\t\t\t\t\t\t<!-- wp:paragraph {\"dropCap\":true,\"fontSize\":\"medium\"} -->\n<p class=\"has-drop-cap has-medium-font-size\">Bienvenue sur mon site Feelbetter qui vous pr\u00e9sente mon histoire et mes diff\u00e9rentes activit\u00e9s.<\/p>\n<!-- \/wp:paragraph --><!-- wp:image {\"align\":\"center\",\"id\":140,\"width\":358,\"height\":537} -->\n<div class=\"wp-block-image\">\n<figure class=\"aligncenter is-resized\"><img fetchpriority=\"high\" decoding=\"async\" class=\"wp-image-140\" src=\"http:\/\/feelbetter.fr\/wp-content\/uploads\/2019\/06\/AGNES-PHOTO2.jpg\" alt=\"\" width=\"358\" height=\"537\" srcset=\"https:\/\/feelbetter.fr\/wp-content\/uploads\/2019\/06\/AGNES-PHOTO2.jpg 641w, https:\/\/feelbetter.fr\/wp-content\/uploads\/2019\/06\/AGNES-PHOTO2-200x300.jpg 200w\" sizes=\"(max-width: 358px) 100vw, 358px\" \/><\/figure>\n<\/div>\n<!-- \/wp:image --><!-- wp:heading -->\n<h2><span class=\"has-inline-color has-vivid-green-cyan-color\">Mon Histoire<\/span><\/h2>\n<!-- \/wp:heading --><!-- wp:paragraph -->\n<p>Apr\u00e8s 40 ans de stylisme et de commercialisation de collections de pr\u00eat \u00e0 porter, je me suis reconvertie dans une activit\u00e9 qui me fait sens.<br \/>J&rsquo;ai entrepris des \u00e9tudes de soins \u00e9nerg\u00e9tiques bas\u00e9s sur la m\u00e9decine chinoise, et suivi une formation \u00ab\u00a0couleurs et \u00e9motions\u00a0\u00bb.<br \/><br \/><\/p>\n<!-- \/wp:paragraph --><!-- wp:heading -->\n<h2><span class=\"has-inline-color has-vivid-green-cyan-color\">Mes Activit\u00e9s<\/span><\/h2>\n<!-- \/wp:heading --><!-- wp:image {\"id\":342,\"sizeSlug\":\"large\",\"linkDestination\":\"none\"} -->\n<figure class=\"wp-block-image size-large\"><img decoding=\"async\" width=\"1024\" height=\"216\" class=\"wp-image-342\" src=\"https:\/\/feelbetter.fr\/wp-content\/uploads\/2021\/01\/soin-energetique-reiki-1024x216.jpg\" alt=\"\" srcset=\"https:\/\/feelbetter.fr\/wp-content\/uploads\/2021\/01\/soin-energetique-reiki-1024x216.jpg 1024w, https:\/\/feelbetter.fr\/wp-content\/uploads\/2021\/01\/soin-energetique-reiki-300x63.jpg 300w, https:\/\/feelbetter.fr\/wp-content\/uploads\/2021\/01\/soin-energetique-reiki-768x162.jpg 768w, https:\/\/feelbetter.fr\/wp-content\/uploads\/2021\/01\/soin-energetique-reiki-1536x323.jpg 1536w, https:\/\/feelbetter.fr\/wp-content\/uploads\/2021\/01\/soin-energetique-reiki-285x60.jpg 285w, https:\/\/feelbetter.fr\/wp-content\/uploads\/2021\/01\/soin-energetique-reiki.jpg 1900w\" sizes=\"(max-width: 1024px) 100vw, 1024px\" \/><\/figure>\n<!-- \/wp:image --><!-- wp:paragraph -->\n<p>Aujourd&rsquo;hui je suis <strong>th\u00e9rapeute \u00e9nerg\u00e9ticienne<\/strong> : Je re\u00e7ois sur LILLE et LE TOUQUET<\/p>\n<p>et <strong>d\u00e9veloppeure de r\u00e9seaux de bien \u00eatre<\/strong>:<br \/><strong>FOREVER by FEELBETTER:<\/strong> d\u00e9veloppement, conseils et accompagnement dans la distribution d&rsquo;une gamme de produits vous apportant confort et \u00e9nergie.<br \/><strong>FEMMES ICI et AILLEURS by FEELBETTER<\/strong>: Participation au d\u00e9veloppement d&rsquo;un magazine de presse ind\u00e9pendante \u00ab\u00a0Femmes ici et ailleurs\u00a0\u00bb.<\/p>\n<!-- \/wp:paragraph --><!-- wp:columns -->\n<div class=\"wp-block-columns\"><!-- wp:column {\"width\":\"100%\"} -->\n<div class=\"wp-block-column\" style=\"flex-basis: 100%;\"><!-- wp:group {\"align\":\"wide\"} -->\n<div class=\"wp-block-group alignwide\">\n<div class=\"wp-block-group__inner-container\"><!-- wp:image {\"align\":\"left\",\"id\":378,\"width\":225,\"height\":126,\"sizeSlug\":\"large\",\"linkDestination\":\"none\"} -->\n<div class=\"wp-block-image\">\n<figure class=\"alignleft size-large is-resized\"><a href=\"https:\/\/direct.foreverliving.fr\/ref\/330001269284\/\" rel=\"acc\u00e8s boutique Forever\"><img decoding=\"async\" class=\"wp-image-378\" src=\"https:\/\/feelbetter.fr\/wp-content\/uploads\/2021\/01\/LOGO-Forever-Feelbetter-petit-1-edited.jpg\" alt=\"\" width=\"225\" height=\"126\" srcset=\"https:\/\/feelbetter.fr\/wp-content\/uploads\/2021\/01\/LOGO-Forever-Feelbetter-petit-1-edited.jpg 324w, https:\/\/feelbetter.fr\/wp-content\/uploads\/2021\/01\/LOGO-Forever-Feelbetter-petit-1-edited-300x169.jpg 300w, https:\/\/feelbetter.fr\/wp-content\/uploads\/2021\/01\/LOGO-Forever-Feelbetter-petit-1-edited-107x60.jpg 107w\" sizes=\"(max-width: 225px) 100vw, 225px\" \/><\/a><\/figure>\n<\/div>\n<!-- \/wp:image --><\/div>\n<\/div>\n<!-- \/wp:group --><!-- wp:image {\"align\":\"right\",\"id\":379,\"width\":251,\"height\":165,\"sizeSlug\":\"large\",\"linkDestination\":\"none\"} -->\n<div class=\"wp-block-image\">\n<figure class=\"alignright size-large is-resized\"><a href=\"https:\/\/femmesicietailleurs.com\/adherer\/\" rel=\"Adh\u00e9rer\"><img loading=\"lazy\" decoding=\"async\" class=\"wp-image-379\" src=\"https:\/\/feelbetter.fr\/wp-content\/uploads\/2021\/01\/femmes-1.jpg\" alt=\"\" width=\"251\" height=\"165\" srcset=\"https:\/\/feelbetter.fr\/wp-content\/uploads\/2021\/01\/femmes-1.jpg 300w, https:\/\/feelbetter.fr\/wp-content\/uploads\/2021\/01\/femmes-1-91x60.jpg 91w\" sizes=\"(max-width: 251px) 100vw, 251px\" \/><\/a><\/figure>\n<\/div>\n<!-- \/wp:image --><\/div>\n<!-- \/wp:column --><\/div>\n<!-- \/wp:columns --><!-- wp:paragraph -->\n<p>\u00a0<\/p>\n<!-- \/wp:paragraph -->\t\t\t\t\t\t<\/div>\n\t\t\t\t<\/div>\n\t\t\t\t\t<\/div>\n\t\t<\/div>\n\t\t\t\t\t\t\t<\/div>\n\t\t<\/section>\n\t\t\t\t\t\t\t<\/div>\n\t\t","protected":false},"excerpt":{"rendered":"<p>Bienvenue sur mon site Feelbetter qui vous pr\u00e9sente mon histoire et mes diff\u00e9rentes activit\u00e9s. Mon Histoire Apr\u00e8s 40 ans de stylisme et de commercialisation de collections de pr\u00eat \u00e0 porter, je me suis reconvertie dans une activit\u00e9 qui me fait sens.J&rsquo;ai entrepris des \u00e9tudes de soins \u00e9nerg\u00e9tiques bas\u00e9s sur la m\u00e9decine chinoise, et suivi une &hellip; <\/p>\n","protected":false},"author":1,"featured_media":0,"parent":0,"menu_order":0,"comment_status":"open","ping_status":"closed","template":"","meta":{"footnotes":""},"class_list":["post-110","page","type-page","status-publish","hentry"],"_links":{"self":[{"href":"https:\/\/feelbetter.fr\/index.php\/wp-json\/wp\/v2\/pages\/110","targetHints":{"allow":["GET"]}}],"collection":[{"href":"https:\/\/feelbetter.fr\/index.php\/wp-json\/wp\/v2\/pages"}],"about":[{"href":"https:\/\/feelbetter.fr\/index.php\/wp-json\/wp\/v2\/types\/page"}],"author":[{"embeddable":true,"href":"https:\/\/feelbetter.fr\/index.php\/wp-json\/wp\/v2\/users\/1"}],"replies":[{"embeddable":true,"href":"https:\/\/feelbetter.fr\/index.php\/wp-json\/wp\/v2\/comments?post=110"}],"version-history":[{"count":26,"href":"https:\/\/feelbetter.fr\/index.php\/wp-json\/wp\/v2\/pages\/110\/revisions"}],"predecessor-version":[{"id":403,"href":"https:\/\/feelbetter.fr\/index.php\/wp-json\/wp\/v2\/pages\/110\/revisions\/403"}],"wp:attachment":[{"href":"https:\/\/feelbetter.fr\/index.php\/wp-json\/wp\/v2\/media?parent=110"}],"curies":[{"name":"wp","href":"https:\/\/api.w.org\/{rel}","templated":true}]}}